Calculate the greatest common divisor of w and 2556.
18
Suppose -78 = -u - 5*z, 5*z + 0*z - 15 = 0. Let k(f) = -23*f**3 - 20*f**2 - 8*f - 15. Let i be k(-2). What is the highest common divisor of i and u?
21
Let o = 1875 - 1847. Suppose -4*d = h + 9, -7 = 3*d + 5. Calculate the greatest common divisor of o and h.
7
Let j(f) be the second derivative of -f**5/20 + 7*f**4/12 + 13*f**2/2 - 27*f. Let w be j(7). What is the greatest common factor of w and 117?
13
Suppose 0 = x - 5 + 2. Suppose 4*c = 4, -3*c = -x*i - 6*c + 30. Let v(a) = -a**2 + a + 45. Let y be v(0). Calculate the highest common factor of y and i.
9
Let j(u) = -8*u + 7. Let n(b) = -7*b + 2*b - 3*b - b + 8. Let q(z) = -5*j(z) + 4*n(z). Let x be q(2). What is the highest common factor of 40 and x?
5
Let y = 88 + -3. Let x = y + -50. Calculate the greatest common divisor of x and 350.
35
Let d(c) = -12*c - 101. Let y be d(-10). Let x be (y/2 - 9)*896. What is the highest common factor of 14 and x?
14
Let r = -1288 + 1753. What is the greatest common factor of 45 and r?
15
Suppose -67*d - 890 = -77*d. Calculate the greatest common factor of 14952 and d.
89
Let w(y) = 4*y**2 + 118*y - 148. Let g be w(-34). What is the greatest common factor of 29 and g?
29
Let s be ((-17)/(-2))/((-53)/371)*(-20)/7. Calculate the highest common factor of 5185 and s.
85
Let p be (39/(-52))/((-1)/4) - 3. Suppose 5*v = -p*v - 70. Let j be (-1 + (4 - 2) - v) + -3. Calculate the highest common factor of 36 and j.
12
Suppose 27*h + 68355 = 132*h. What is the highest common factor of h and 168?
21
Suppose 0 = 471*v - 236*v - 230*v - 60. Suppose -4 = 3*f + f. Let x be (-55)/(-3) + f/3. Calculate the greatest common factor of v and x.
6
Suppose -48*a + 1794 + 1662 = 0. Calculate the highest common divisor of 54 and a.
18
Suppose 9 = 23*x - 83. Let t be 8*11/16*x. What is the greatest common divisor of t and 55?
11
Let a(z) = 5*z + 7*z + 9 - 19*z. Let n be a(-3). Suppose 3*q - 6*q = -60. What is the greatest common factor of q and n?
10
Let j(f) = -f**3 - 15*f**2 - 27*f - 10. Let p be j(-13). Let g be (2 - p)*-5 - -1. Let m = -115 - -133. What is the highest common divisor of m and g?
6
Suppose 2*n + 35 = b, n - 208 = -15*b + 10*b. Calculate the greatest common factor of b and 1517.
41
Suppose -s = -27*s + 130. Suppose 3*f + 2*p = 251, f - 6*p = -p + 61. Let r = f - 26. Calculate the highest common divisor of s and r.
5
Suppose 103*i = 56*i + 8225. Calculate the greatest common divisor of 2975 and i.
175
Let d = 213 - 470. Let b = d + 367. Suppose 132 = -b*q + 114*q. What is the highest common divisor of 363 and q?
33
Suppose -6*i + 128 + 398 = -2*s, 5*i + 4*s - 410 = 0. What is the greatest common divisor of i and 1677?
43
Suppose 36 + 20 = 2*o. Let j(s) = s**2 + 3*s - 292. Let b be j(-19). Calculate the highest common factor of o and b.
4
Let m be -10 + 15 + 13 - (-3 + 1). What is the greatest common divisor of m and 52?
4
Let r(m) = -10*m**3 - 11*m**2 - 33*m + 50. Let b be r(-11). Suppose -3152 + b = 14*w. Calculate the highest common divisor of 60 and w.
60
Let i(u) be the second derivative of 6*u + 0 - 23/2*u**2 + 1/2*u**3. Let r be i(11). What is the highest common divisor of r and 10?
10
Let q = 2270 - 2126. Calculate the highest common factor of 208 and q.
16
Suppose -1 = 3*i - 13. Suppose 17 = 3*s - i. What is the greatest common divisor of 63 and s?
7
Suppose -2*l - 90 = -4*h, -39*h + 80 = -34*h + 4*l. Suppose x = 2*w + 17, -w - 17 = 19*x - h*x. What is the greatest common factor of x and 85?
17
Let m = 32 + -31. Let d(a) = 3*a**3 - 2*a + 1. Let n be d(m). Suppose 9*w + n*w = 44. What is the highest common divisor of 16 and w?
4
Suppose 5*p - 556 = -4*b, -5*p + 604 = 19*b - 23*b. Calculate the highest common divisor of 725 and p.
29
Let b(d) = -6*d + 99. Let w be (-160)/88 + 2 - 97/(-11). Let g be b(w). Calculate the greatest common divisor of g and 195.
15
Let k be 1/(-5) - 234/(-45). Suppose 2*q - 5*c + 6 = k*q, -4*q + 8 = -2*c. Suppose 0 = 4*d - q*d - 92. What is the highest common factor of 23 and d?
23
Let m be 3 + (-8 - -4) + (1145 - -20). Let o(v) = -10*v**3 + v**2 - 2*v - 1. Let a be o(-1). Calculate the greatest common factor of a and m.
12
Let c = 83 + -73. Suppose -c*t + 48 = -292. What is the highest common divisor of t and 629?
17
Suppose 0 = -2*o - 4*t + 110, 50*o = 48*o - 3*t + 117. Calculate the highest common divisor of 483 and o.
69
Let j(u) be the third derivative of -u**4/4 + 13*u**3/3 - u**2 + 2. Let i be j(4). Calculate the highest common factor of 6 and i.
2
Let l(k) = -k**2 + 11*k - 18. Let b be l(3). Suppose b = 7*w - 50. What is the highest common factor of w and 1?
1
Let y = -177 + 173. Let k be (69 + -5 + y)/(-1 + 2). What is the greatest common divisor of k and 180?
60
Let t = 21937 + -19963. What is the greatest common factor of t and 114?
6
Let s = -1989 - -2999. Calculate the greatest common divisor of s and 10.
10
Suppose -26*d = -0*d - 13130. Suppose -d = -2*v + 3*m, -m + 23 = 28. Calculate the greatest common factor of v and 5.
5
Let l be 224 - 24/(-26)*(-1521)/234. Calculate the greatest common divisor of 7521 and l.
109
Let z be 74/148*(-1 + -43)/(-2). Suppose -8*q + 2785 = -471. What is the greatest common factor of z and q?
11
Let v = 1595 - 1490. What is the greatest common divisor of v and 336?
21
Suppose 9*g + 301 = 10*g. Let c = -246 - -418. Suppose -24*l + c = -20*l. What is the highest common divisor of g and l?
43
Suppose -2082 = -4*j - 6*b + 550, -j + 5*b + 658 = 0. Calculate the highest common divisor of 752 and j.
94
Suppose 507*g - 4723 - 6431 = 0. Calculate the greatest common factor of g and 2882.
22
Let p(v) = 10*v - 156. Let g be p(16). Let y = 84 + -81. What is the highest common divisor of y and g?
1
Let t = -137 + 161. Let u be (-23 + t)*(-2)/(-2) + 1. Let y(i) = i**2 + i. Let z be y(-2). What is the highest common divisor of z and u?
2
Let q(a) = 12*a - 171. Suppose -5*d + 126 = -2*d. Let o be q(d). What is the greatest common factor of o and 37?
37
Let b = -33035 + 33203. What is the greatest common divisor of 917 and b?
7
Let l(x) be the second derivative of -x**5/20 + x**4/2 + 5*x**3/6 + 2*x**2 - 77*x. Let r be l(6). Calculate the highest common divisor of 68 and r.
34
Suppose 0 = -4*q - 4*z + 1504, -1113*z = -q - 1111*z + 400. What is the highest common divisor of 744 and q?
24
Let r(i) = -6*i**2 - 2*i - 6. Let n be r(-4). Let v = n + 219. Suppose 0 = -5*h - 0*h + v. What is the highest common factor of h and 75?
25
Suppose -153*j + 133*j = 0. Suppose 74*v - 66*v - 64 = j. What is the highest common factor of v and 52?
4
Let a be (24 - -990) + -18 + -1. Calculate the greatest common divisor of 3383 and a.
199
Let d = -143 + 155. Let k be ((-8)/((-80)/105))/(d/32). Calculate the highest common divisor of k and 21.
7
Let n be 7106/18 - 14/(-63). What is the greatest common divisor of n and 632?
79
Suppose 0 = -16*c + 13*c - 2*l + 5653, 7536 = 4*c + 4*l. What is the highest common factor of c and 5?
5
Suppose -16*k + 10*k - 144 = 0. Let s = k - -46. What is the highest common factor of 121 and s?
11
Suppose -6*x - 57*x = 1764. Let l be (-518)/x - ((-2)/(-1))/4. Calculate the greatest common divisor of 261 and l.
9
Let x be 16/24*87/2. Suppose -5*a + x = -1. Suppose -2*b = -0*b + v - 26, v = 4*b - 46. What is the greatest common factor of b and a?
6
Let l = 4396 - 4268. Calculate the highest common divisor of 1568 and l.
32
Let r = -3 - -5. Let w = -5236 + 5237. Suppose -3*s + r*s + w = -c, s = 2*c - 2. What is the greatest common divisor of s and 36?
4
Let h(n) = -n**3 + 28*n**2 + 127*n + 44. Let r be h(32). Calculate the highest common factor of r and 1356.
12
Suppose 0 = 50*l - 27519 - 15181. Calculate the greatest common divisor of l and 322.
14
Let z = 224201 + -224173. Let n(b) = -13*b + 2. Let w(c) = 14*c - 2. Let o(y) = -6*n(y) - 7*w(y). Let g be o(-2). What is the highest common divisor of g and z?
14
Let n(z) = 7*z - 250. Let u be n(35). Let c be 80/(-12) - u - (-28)/6. What is the highest common factor of c and 21?
3
Let h = 1039 + 1211. What is the highest common divisor of 60 and h?
30
Let x be (-20)/(-35)*21/6. Suppose 5*h - 35 = -o, 0 = 3*o + 4*h - x*h - 170. Calculate the greatest common divisor of 140 and o.
20
Suppose 5*m - 1